t h = p + -74. What is the remainder when h is divided by a?
6
Suppose 5*x + i = 70, 122*x = 124*x - i - 28. What is the remainder when 160 is divided by x?
6
Suppose -3*c - 15*c = -126. Let n = -13 - -38. What is the remainder when n is divided by c?
4
Calculate the remainder when 447 is divided by ((-64)/(-7))/(20/70).
31
Suppose 0*x + 12 = x. Let h be x - (-3 - 28/(-4)). What is the remainder when 8 is divided by h + -1 - (-2 + 6)?
2
Let q(u) = 87*u - 529. Calculate the remainder when 131 is divided by q(7).
51
Suppose -4*r + 0 = -4. Let x(z) = 37*z**2 - z - 1. Calculate the remainder when x(r) is divided by 9.
8
Let d(k) = -k**2 - 13*k - 28. Let n be d(-10). Suppose 5*z - 35 = -r, -r + n*z - z + 11 = 0. Calculate the remainder when 103 is divided by r.
13
Let d be (8 + 0)/((-2)/4). What is the remainder when 14 is divided by (8/d)/((-1)/12)?
2
Suppose q - 288 = -5*o, 4*o - 6*q + 2*q - 216 = 0. Let l = o - 16. What is the remainder when l is divided by ((-11)/3)/((-2)/6)?
8
Let u = -700 + 778. What is the remainder when u is divided by 16?
14
Let i = 39 - 33. Let p = i + -2. Calculate the remainder when 5 is divided by p.
1
Let c(b) = b**3 - 8*b**2 + 5*b - 9. Let k be (-1)/3 + -20*25/(-60). Calculate the remainder when 59 is divided by c(k).
28
Suppose -3*r = 23 + 43. Let a = 33 + r. What is the remainder when 54 is divided by a?
10
Let k(a) = 30*a - 22. What is the remainder when k(4) is divided by 4?
2
Suppose -4*a = -4*z + 64, -a + 85 = 4*z + 2*a. Suppose -4*p + 1 = -z. What is the remainder when (-52)/16*(-7 - -3) is divided by p?
3
Let c = -139 - -199. Calculate the remainder when c is divided by 21.
18
Suppose -z + y + 2 = -3, 2*z = -3*y. Suppose -z*s = -2 - 1. What is the remainder when 9 is divided by s - 2 - 2*-2?
0
Let n = 1432 + -1386. Calculate the remainder when 91 is divided by n.
45
Suppose -4*x = -3*k - 165, -186 = -5*x - 0*x - 3*k. What is the remainder when 231 is divided by x?
36
Suppose 15*b = 20*b - 540. What is the remainder when b is divided by 8?
4
Let r = -392 + 495. What is the remainder when r is divided by 4?
3
Calculate the remainder when (77/33)/(-7) + 883/3 is divided by 11.
8
Suppose -n - 4*t = -69 + 7, n = -3*t + 63. Let q = n - 47. Let x(r) = -2*r**3 + 12*r**2 + 3*r - 11. What is the remainder when x(5) is divided by q?
16
Let i(l) = 5*l - 86. Calculate the remainder when i(48) is divided by 52.
50
Let m(a) = 36*a**2 - a + 3. What is the remainder when 187 is divided by m(1)?
35
Suppose -w + 95 = 5*x, -47*w = 3*x - 42*w - 57. Calculate the remainder when 74 is divided by x.
17
Suppose 3*i = 4*b + 155, 105*i - 109*i + 190 = -2*b. Calculate the remainder when 83 is divided by i.
38
Suppose -4*d = -7 - 1. Let w(t) = 2*t + 3*t - 4 + 5 - 3. What is the remainder when 13 is divided by w(d)?
5
Suppose -m - 2*m - 4*d + 121 = 0, d - 136 = -3*m. Suppose 0 = -n + 18 + 9. What is the remainder when m is divided by n?
20
Let r(a) be the first derivative of a**3/3 + 5*a**2/2 - 2. Calculate the remainder when 41 is divided by r(-7).
13
Suppose 2*y = 7*y + 395. Suppose o = -o + x + 29, o = 2*x + 10. Let b = o - y. Calculate the remainder when b is divided by 24.
23
Suppose 4*y - 106 - 202 = 5*u, -320 = -4*y + 2*u. What is the remainder when 147 is divided by y?
65
Suppose 0*g - q = 2*g + 20, q + 47 = -5*g. Calculate the remainder when 27 is divided by 10/(-18)*3*g.
12
Suppose 7*d = -5*x + 9*d + 64, -x - 5*d + 2 = 0. Calculate the remainder when 237 is divided by x.
9
Let u = -13 - -10. What is the remainder when (-3 + -6 + 3)*u is divided by (-9)/(126/20)*-7?
8
Suppose -37 + 22 = -a. What is the remainder when 52 is divided by a?
7
Suppose -43*x = -48*x - 3*i + 479, 3*x - 299 = 4*i. Calculate the remainder when 1647 is divided by x.
95
Let a(m) = 2*m**2 - 31*m + 117. Calculate the remainder when a(23) is divided by 93.
90
Calculate the remainder when 3*(-2)/(-57) + (-10595)/(-247) is divided by 13.
4
Suppose 5*c - 399 = 51*p - 54*p, 0 = c - 2*p - 85. Calculate the remainder when 374 is divided by c.
50
Let y be 3/((-16)/(-4) + -1). Let u = y + 42. Calculate the remainder when u is divided by (-12)/84 - (-106)/7.
13
What is the remainder when 18 is divided by 2*((-2)/(8/20) - -6)?
0
Let c = 146 + -109. What is the remainder when 106 is divided by c?
32
Suppose 2 = 4*d + 2*i - 168, 5*d = -5*i + 215. Calculate the remainder when d is divided by 13.
3
Suppose 4*i + 5*h = 6*i + 8, 11 = 5*i + 3*h. What is the remainder when 2 is divided by i?
0
Let d = -6 + 4. Let v(k) = -7*k**2 + k - 1. Let x be v(-2). Calculate the remainder when (x + (-15)/5)*d is divided by 14.
12
Let c = 36 + -15. Let t(b) = -26*b + 3*b + 3 - 3*b. What is the remainder when t(-3) is divided by c?
18
Suppose 0 = -5*z + 4*b + 70, -3*b + 6 - 41 = -2*z. What is the remainder when 206 is divided by z?
6
Suppose -5*b = -0*b - 65. What is the remainder when (-8*1)/(11/(-44)) is divided by b?
6
Let p = 7 - -5. Let u = p + -4. Let h(d) = -d**3 + 6*d**2 + 20*d - 73. Calculate the remainder when h(3) is divided by u.
6
Let i(a) = 30*a**2 - 18*a + 14. Calculate the remainder when 44 is divided by i(1).
18
Let s(x) = -x**2 - 8*x + 4. Let c be s(-8). Suppose -2*k + 4*j = k - 90, -c*k - 4*j + 92 = 0. Calculate the remainder when k is divided by 15.
11
Suppose -136*y + 1035 = -127*y. Calculate the remainder when y is divided by 58.
57
Suppose 348 = 2*l + 2*l. Let j = l + -58. What is the remainder when j is divided by 19?
10
Suppose 11*z - 24192 = -43*z. Calculate the remainder when z is divided by 11.
8
Suppose -26*b + 67*b = 1148. What is the remainder when 166 is divided by b?
26
Let f(n) = -n**3 + 3*n**2 - 6*n - 5. Let b be f(-5). Let g = b - 135. Calculate the remainder when g is divided by 32 + -2 - -1*1.
28
Let l = 36 - 38. Calculate the remainder when (-2015)/(-45) + l/(-9) is divided by 0/(-1 + 2) + 12.
9
Let z = -1250 + 1290. What is the remainder when 117 is divided by z?
37
Let b = 51 - 30. Suppose 108 = 768*g - 759*g. Calculate the remainder when b is divided by g.
9
Let o(m) = 33*m**3 + m**2 - 2*m + 2. Calculate the remainder when 235 is divided by o(1).
31
Let m = 34 - 30. Suppose 19 = -3*b + 4*b - g, 5*b - 86 = -m*g. What is the remainder when 50 is divided by b?
14
Let a(v) = 58*v - 29. Calculate the remainder when a(4) is divided by 68.
67
Suppose -4*v + z + 1810 = 0, -2*v - 4*z + 572 + 324 = 0. Calculate the remainder when v is divided by 21.
11
Let f(d) = -d**3 + 6*d**2 + 4*d - 11. Calculate the remainder when f(5) is divided by 15.
4
Suppose 0 = -5*g + 4*p + 13, -p = -8*g + 5*g + 12. Let d = 10 + 6. What is the remainder when d is divided by g?
1
Let d(x) be the second derivative of x**5/20 + 2*x**4/3 + 7*x**3/6 + 15*x**2/2 - 5*x. Calculate the remainder when 26 is divided by d(-7).
11
Let k be -34 + (-4)/(-8)*2. Let r = k + 22. What is the remainder when (-44)/242 - 1223/r is divided by 28?
27
What is the remainder when (12/2)/(3/2) is divided by (-1 - 1 - 2)/(16 - 20)?
0
Suppose 6 + 8 = -w + 5*i, 2*w = -3*i + 24. Suppose -27 + 35 = 2*v. What is the remainder when w is divided by v?
2
Suppose 138 = 2*m - 2*p, -5*m - 3*p + 2*p = -351. Calculate the remainder when m is divided by 13.
5
Let d(s) = -s + 5. Calculate the remainder when (-2)/(-3) + 1645/21 is divided by d(-5).
9
Let m(p) = -p**3 + 2*p**2 + p. Let o = 12 + -10. Let r be m(o). Suppose 4*i + r*y = 122, -5*i + 147 = 2*y - 8. What is the remainder when i is divided by 12?
9
Let a(q) = -q**3 - 4*q**2 + 13*q - 8. Let n be a(-6). Let x = n + 120. Calculate the remainder when x is divided by 27.
25
Suppose 68*w = 838 + 2426. What is the remainder when 331 is divided by w?
43
Let c = -91 - 7. Let j = c + 194. Calculate the remainder when j is divided by 25.
21
Let o(u) = -u**3 + 37*u**2 - 24*u - 111. What is the remainder when o(36) is divided by 23?
22
Suppose 10*k - 7*k = 69. Let f be 0 + (-40)/1 - 2. Calculate the remainder when -1 + 72 - f/(-14) is divided by k.
22
Let n be -5 + 2 + (-2 - (-9)/3). Let r(b) = -5*b**3 + b**2 + 7*b + 6. What is the remainder when 69 is divided by r(n)?
33
Let n be 1 + -5 - (-26 - -14). Suppose -2*f = -4*f + n. Let s(x) = -x**3 + 8*x**2 - 2*x - 10. Calculate the remainder when s(f) is divided by 16.
14
Suppose 0 = 2*n - 40 - 120. What is the remainder when n is 